 of j and 4?
2
Let y be (-12 - 1) + 9 + -5. Let d = y - -31. Calculate the highest common divisor of 33 and d.
11
Suppose 0 = -5*y + 5, -y + 5*y = 5*a - 736. Calculate the highest common divisor of a and 111.
37
Let p = 1731 - 1711. Suppose -2*z + 0*z = -8. Let s be 126/z*p/30. What is the highest common divisor of 7 and s?
7
Let o(z) = -174*z - 12. Let y be o(-2). Suppose 75*f + y = 78*f. What is the greatest common factor of 14 and f?
14
Let y(x) = -2 - x**3 - 12 - 738*x**2 + 716*x**2 - 28*x. Let h be y(-21). What is the greatest common factor of 19 and h?
19
Let p = 25 + -16. Suppose 12*s + 27 = p*s. Let h = s + 12. Calculate the greatest common divisor of h and 2.
1
Let b(p) = -2*p + 5. Let v be b(-6). Let k = 23 + 29. Let j = -35 + k. Calculate the greatest common factor of j and v.
17
Suppose -42*o + 5735 = -1615. Calculate the greatest common factor of 25 and o.
25
Suppose -2*c + 302 = 4*k, -5*c + 246 = k - 527. Calculate the highest common divisor of c and 248.
31
Let u = 7 + -6. Let h be 6*u*(-1)/(-2). Suppose -167 - 88 = -h*p. Calculate the highest common divisor of p and 17.
17
Suppose 2 = -b + 2*r + 9, 0 = 3*r - 3. Suppose -3*j = -2*k - 299, 2*j + 5*k = 21 + 172. Calculate the greatest common divisor of b and j.
9
Suppose 9*a + 5*n - 313 = 7*a, 2*a = -3*n + 311. Calculate the highest common divisor of 14 and a.
14
Suppose -t + 15 = -2*l + l, -4*t + 100 = 4*l. Let s = 244 + -234. What is the highest common divisor of t and s?
10
Let w = -3 - -5. Let m be 1260/49 + w*2/14. What is the greatest common divisor of m and 52?
26
Let d = -174 + 181. Calculate the greatest common divisor of d and 21.
7
Suppose -35 = 21*g - 26*g. What is the highest common factor of 133 and g?
7
Let c(i) = -i**3 - 24*i**2 + 23*i - 30. Let k be c(-25). Suppose k = -g + 27. Calculate the highest common factor of 56 and g.
7
Let a(r) = r**2 + 16*r + 29. Let k be a(-18). Let v = -2 + 3. Let p(s) = 26*s. Let d be p(v). Calculate the greatest common factor of k and d.
13
Let d be ((-128)/56)/(1/((-7)/2)). Calculate the highest common factor of d and 104.
8
Let q = 395 + -259. Calculate the greatest common divisor of 102 and q.
34
Suppose -56*y = -47*y - 54. What is the highest common divisor of y and 186?
6
Let o be ((-1112)/16)/(1/(-2)). Suppose -o = -19*h + 792. What is the highest common factor of 441 and h?
49
Let g be 1461/7 + (-4)/(-14). Let m = 31986 - 31967. What is the greatest common factor of m and g?
19
Let a be (-13)/(-2) + 55/(-22). Suppose 36 + a = 4*m. What is the highest common divisor of 5 and m?
5
Let i(u) = 2 - 22 - 2*u + 0*u. Let w be i(-11). Suppose -w*n - 3*n - 3*r = -87, 0 = -5*n + 3*r + 63. What is the greatest common divisor of 135 and n?
15
Let r = -1060 - -1105. Calculate the highest common factor of 6 and r.
3
Suppose -7*h - 6*h + 117 = 0. Suppose -h*n + 6*n + 363 = 0. Calculate the greatest common factor of n and 11.
11
Let g be (-2 + 5/2)*-2. Let x be -3 + (0 - g) - -16. Suppose 2*f + 5*u + 15 = 3*f, -3*f + 5*u = -85. What is the highest common divisor of x and f?
7
Let i = 7247 + -7211. Let k(l) = l**2 + 0*l + 4 - 5*l + 0*l. Let o be k(-5). What is the greatest common factor of o and i?
18
Let h = 285 - 125. Suppose -5*n = 5*u - h, 4*n - n - 100 = -5*u. Calculate the greatest common factor of n and 60.
30
Let g(c) = c**3 + 8*c**2 + c + 18. Let h be g(-7). Suppose -4*k - 9*s + 5*s + h = 0, -s = 2*k - 25. Calculate the highest common divisor of 40 and k.
10
Suppose 19*t = 670 + 508. What is the highest common divisor of t and 217?
31
Suppose 213*k - 206*k - 336 = 0. Calculate the greatest common divisor of k and 3.
3
Suppose 6*r = 3*r + 21. Let u be (-3)/(-7) - (-45)/(-7). Let y = -5 - u. Calculate the greatest common factor of r and y.
1
Let m(s) = 3*s**3 - s - 2. Let d be m(-1). Let j = 41 - d. What is the highest common factor of j and 360?
45
Suppose 264 = 3*c - 2*s, 7*s - 2*s = 0. Let i be (52/78)/((-4)/(-66)). Calculate the greatest common factor of i and c.
11
Let s = 263 - 262. Calculate the highest common divisor of s and 1.
1
Suppose -m + 2*i = -94, -m + 184 = m - 5*i. What is the highest common factor of 561 and m?
51
Let g = 46 - 42. Let t be 5/(g/32*4). What is the greatest common divisor of t and 15?
5
Let w(r) = 16*r + 82. Let b be w(-5). Calculate the greatest common factor of 16 and b.
2
Let d(c) be the second derivative of 0 + c**2 - 1/12*c**4 + 7/6*c**3 + 5*c. Let q be d(7). Calculate the highest common divisor of q and 8.
2
Let q be 1*-5*252/(-10). Let x(y) = y**2 - y - 6. Let a be x(-4). Suppose a*n - 123 = 73. What is the highest common divisor of q and n?
14
Let q = 267 + -259. Let a(o) = o**3 - 2*o**2 + o - 4. Let t be a(4). Calculate the greatest common divisor of t and q.
8
Let z be (5 - 11) + 50/1*1. What is the highest common factor of z and 275?
11
Let y(n) = -n**2 - 25*n + 29. Let v be y(-26). Calculate the greatest common divisor of v and 111.
3
Let i(r) = -139*r**2 + 1. Suppose 0 = k - 2*k + 3*g + 4, k + 1 = -2*g. Let q be i(k). Let c = q + 214. Calculate the highest common divisor of c and 19.
19
Let s(h) = -3*h**3 + 119*h**2 + 162*h + 92. Let d be s(41). Let i be (-2)/((-54)/50 - -1). Calculate the highest common factor of d and i.
5
Let p = 8 - -16. Let x(o) = o**2 - 10*o. Let n be x(9). Let a be -3*(-12)/n*-3. Calculate the highest common divisor of p and a.
12
Suppose 15 = -3*p, -4*y = y + 3*p. Suppose 0 = -5*o - 2*v + 23, 0*v = -5*o - y*v + 22. Calculate the highest common factor of o and 20.
5
Suppose -6*p - 258 - 390 = 0. Let q = -83 - p. Let t(h) = h**3 - h**2 + 150. Let k be t(0). Calculate the highest common factor of q and k.
25
Let y = -2700 - -2721. Let j be 1*2/(-2)*-168. Calculate the highest common factor of j and y.
21
Let d(s) = -117*s - 2. Let w be d(-3). Let y = -223 + w. Calculate the highest common factor of 18 and y.
18
Let f be (376/(-12))/(8/(-12)). Suppose 9*v + f - 164 = 0. Suppose 2*m - 79 = -l, -4*l - 191 = -3*m - 2*m. Calculate the highest common factor of m and v.
13
Let u be (-9)/(1*6/(-32)). Let t be 593/5 - (2 + u/(-20)). What is the greatest common divisor of t and 7?
7
Let k(m) = -m**3 + 20*m**2 - 12*m - 85. Let c be k(19). Calculate the greatest common factor of c and 1296.
48
Let u = 3 + 5. Suppose 0 = -2*p - 4*g + 88, p - 3*g - 2 - 32 = 0. What is the greatest common factor of p and u?
8
Let x be ((3 - (0 - -4)) + -3)*-1. Suppose 191 = 6*n - 2*n + 5*r, -x*n + 195 = r. What is the greatest common divisor of n and 7?
7
Let k = -102 - -323. What is the highest common divisor of 26 and k?
13
Suppose -6*f + 2*f + 4 = 0. Let w(l) = -l**2 + 5*l + 5. Let q be w(7). Let m = q - -12. Calculate the greatest common factor of m and f.
1
Let f(g) = -4*g - 6. Let c be f(-3). Let k be (-554)/(-12) + c/(-36). Suppose 6*d = -k + 148. What is the highest common factor of d and 34?
17
Let q be (-91 - -97)*26/6. Calculate the greatest common factor of q and 962.
26
Suppose -4*q = -3037 - 1031. What is the greatest common divisor of 113 and q?
113
Suppose 0*q - 4*q + 6048 = 0. Suppose 5*t - 5187 = -q. Let r be -6*(t/6)/(-5). Calculate the highest common divisor of 21 and r.
21
Let p be (-8)/3*(-90)/10. Calculate the greatest common factor of p and 42.
6
Let u = -11 + 76. Let h = u + -37. What is the highest common divisor of h and 112?
28
Let r be (-5)/10 - (-218)/4. Suppose p + 24 = 25. Let k be p + 36 + (-16)/16. Calculate the highest common factor of r and k.
18
Suppose g - 2*v = -27, -g + 2*g + 11 = -2*v. Let m(f) = -f + 63. Let i be m(g). Calculate the greatest common factor of i and 41.
41
Let m be (-4)/10*(-2 + 7). Let i be m/12 - (-158)/12. Suppose -14*v + 3 = -i*v. Calculate the highest common factor of v and 27.
3
Suppose 2*x = 5*x - 24. Let q(v) = v**2 + 2*v - 7. Let u be q(6). Let k = -17 + u. Calculate the highest common factor of k and x.
8
Suppose -2*m + 8 = -5*i - 15, 3*i - 42 = -5*m. Let l = 79 + 47. Suppose -5*f = 3*w - 501, 4*f - w = -l + 520. Calculate the highest common divisor of f and m.
9
Let c be -5 + (-92)/(-20) + 652/5. Let k = 247 - c. Calculate the highest common divisor of k and 9.
9
Let i = 2244 + -2052. Suppose -92 = -5*k + k. Suppose -4*w + 73 = -k. What is the greatest common divisor of i and w?
24
Let q(d) = -d**2 + 6*d + 12. Suppose 11*n = -4*n 